 (base 15) in base 14?
6d
d9 (base 14) to base 13
119
Convert -6 (base 15) to base 8.
-6
What is 1b0 (base 14) in base 15?
185
Convert 0 (base 4) to base 10.
0
Convert -2e (base 15) to base 9.
-48
Convert 0 (base 15) to base 8.
0
What is -38 (base 12) in base 2?
-101100
-81 (base 9) to base 8
-111
Convert 65 (base 13) to base 11.
76
5 (base 8) to base 13
5
Convert -34 (base 15) to base 6.
-121
What is 1 (base 12) in base 7?
1
Convert 63 (base 9) to base 11.
52
Convert 32 (base 4) to base 8.
16
-1 (base 9) to base 7
-1
Convert 2 (base 16) to base 10.
2
What is -38 (base 12) in base 7?
-62
25 (base 6) to base 15
12
What is 0 (base 5) in base 16?
0
23 (base 11) to base 15
1a
73 (base 9) to base 13
51
What is 38 (base 9) in base 16?
23
0 (base 9) to base 10
0
7 (base 14) to base 8
7
Convert 1 (base 9) to base 12.
1
Convert -5 (base 8) to base 13.
-5
Convert 110 (base 2) to base 14.
6
What is -3 (base 12) in base 14?
-3
What is 2 (base 10) in base 8?
2
What is 1011 (base 2) in base 16?
b
What is 1 (base 10) in base 12?
1
Convert -1 (base 12) to base 10.
-1
What is 101001 (base 2) in base 12?
35
Convert 40 (base 7) to base 2.
11100
Convert -1 (base 12) to base 5.
-1
What is 23 (base 5) in base 14?
d
-10110 (base 2) to base 9
-24
What is 104 (base 5) in base 15?
1e
315 (base 11) to base 5
3004
1 (base 7) to base 5
1
What is 30 (base 14) in base 13?
33
1a (base 11) to base 14
17
12 (base 7) to base 16
9
-101 (base 4) to base 16
-11
Convert -566 (base 7) to base 3.
-101212
What is -14 (base 13) in base 11?
-16
19a (base 16) to base 6
1522
121 (base 3) to base 10
16
e (base 16) to base 8
16
Convert 29 (base 10) to base 11.
27
Convert -2 (base 3) to base 5.
-2
4 (base 16) to base 11
4
What is 22 (base 14) in base 5?
110
3 (base 10) to base 15
3
What is 37 (base 14) in base 11?
45
Convert -1 (base 12) to base 4.
-1
11212 (base 3) to base 5
1011
Convert -45 (base 14) to base 10.
-61
-121 (base 5) to base 14
-28
95 (base 14) to base 2
10000011
What is -1 (base 3) in base 8?
-1
Convert 24 (base 16) to base 4.
210
-20 (base 15) to base 14
-22
-101 (base 3) to base 8
-12
What is -17 (base 13) in base 10?
-20
1011001 (base 2) to base 11
81
Convert 15 (base 9) to base 15.
e
-110 (base 4) to base 16
-14
What is -1a (base 16) in base 2?
-11010
Convert 4 (base 9) to base 15.
4
What is -2 (base 5) in base 8?
-2
What is 6 (base 12) in base 13?
6
Convert 15 (base 7) to base 12.
10
-15 (base 8) to base 14
-d
-4 (base 7) to base 5
-4
Convert 447 (base 9) to base 5.
2432
4 (base 5) to base 2
100
What is -37 (base 9) in base 10?
-34
What is -452 (base 7) in base 6?
-1025
-113 (base 7) to base 15
-3e
-1 (base 11) to base 8
-1
10 (base 2) to base 4
2
What is -43 (base 16) in base 11?
-61
Convert -10 (base 2) to base 8.
-2
-2 (base 6) to base 14
-2
What is 10 (base 2) in base 15?
2
What is -7 (base 14) in base 12?
-7
What is 14 (base 8) in base 11?
11
Convert -4 (base 16) to base 10.
-4
What is 5 (base 6) in base 7?
5
What is 0 (base 15) in base 10?
0
-53 (base 10) to base 6
-125
6 (base 9) to base 5
11
What is -102100 (base 3) in base 6?
-1230
0 (base 5) to base 6
0
-410 (base 8) to base 7
-525
What is 30 (base 5) in base 4?
33
Convert -37 (base 11) to base 3.
-1111
b0 (base 16) to base 9
215
Convert -10 (base 13) to base 6.
-21
What is -366 (base 8) in base 12?
-186
3 (base 9) to base 14
3
-43 (base 11) to base 2
-101111
-43 (base 12) to base 15
-36
What is -3 (base 12) in base 9?
-3
Convert 5 (base 12) to base 7.
5
-110 (base 10) to base 2
-1101110
What is -2b (base 12) in base 11?
-32
-44 (base 6) to base 13
-22
Convert 102 (base 3) to base 4.
23
5 (base 8) to base 3
12
10d (base 14) to base 4
3101
8 (base 16) to base 11
8
Convert -45 (base 7) to base 9.
-36
Convert -21 (base 3) to base 11.
-7
Convert 10010 (base 3) to base 9.
103
Convert 213 (base 9) to base 12.
126
What is -167 (base 12) in base 8?
-337
What is -4 (base 12) in base 15?
-4
Convert -114 (base 6) to base 9.
-51
Convert -82 (base 16) to base 11.
-109
-2100 (base 3) to base 16
-3f
What is 11 (base 11) in base 12?
10
205 (base 10) to base 9
247
What is -34 (base 15) in base 9?
-54
2 (base 10) to base 15
2
-4d (base 16) to base 14
-57
What is 52 (base 11) in base 2?
111001
-92 (base 13) to base 9
-142
Convert 4 (base 14) to base 15.
4
2 (base 7) to base 10
2
Convert 6 (base 7) to base 6.
10
Convert -71 (base 16) to base 7.
-221
Convert -4 (base 10) to base 2.
-100
What is 1 (base 6) in base 14?
1
3 (base 8) to base 7
3
12 (base 3) to base 11
5
Convert 10 (base 11) to base 7.
14
Convert -72 (base 15) to base 2.
-1101011
Convert 25 (base 8) to base 9.
23
What is -137 (base 14) in base 7?
-500
Convert -125 (base 8) to base 11.
-78
-2 (base 10) to base 3
-2
-1 (base 3) to base 15
-1
What is -4 (base 9) in base 13?
-4
Convert 7 (base 8) to base 2.
111
Convert -1 (base 10) to base 6.
-1
Convert 4e (base 15) to base 7.
134
Convert 8 (base 15) to base 7.
11
What is -b (base 13) in base 4?
-23
Convert 10 (base 14) to base 4.
32
What is 4 (base 9) in base 16?
4
-1 (base 13) to base 9
-1
Convert 14 (base 6) to base 2.
1010
Convert -2 (base 15) to base 10.
-2
227 (base 11) to base 4
10033
Convert 6 (base 12) to base 16.
6
-1 (base 14) to base 7
-1
What is a (base 14) in base 12?
a
Convert 2213 (base 4) to base 11.
142
-1 (base 13) to base 7
-1
Convert -4 (base 5) to base 13.
-4
Convert a (base 15) to base 9.
11
What is -14 (base 9) in base 6?
-21
Convert -345 (base 10) to base 15.
-180
What is 21 (base 3) in base 9?
7
What is -111 (base 2) in base 10?
-7
Convert 43 (base 15) to base 7.
120
Convert -20a (base 11) to base 3.
-100100
What is -5 (base 6) in base 2?
-101
Convert -1 (base 3) to base 13.
-1
Convert 5 (base 6) to base 11.
5
What is 11 (base 8) in base 9?
10
56 (base 11) to base 4
331
Convert -10 (base 2) to base 16.
-2
Convert 9 (base 15) to base 11.
9
Convert 13a (base 11) to base 13.
c8
What is 5 (base 12) in base 3?
12
What is 2 (base 3) in base 16?
2
Convert -1 (base 3) to base 2.
-1
Convert -166 (base 10) to base 6.
-434
What is -5 (base 14) in base 16?
-5
-1 (base 5) to base 7
-1
Convert 4 (base 11) to base 15.
4
21 (base 14) to base 6
45
What is -3 (base 6) in base 8?
-3
What is 8d (base 16) in base 6?
353
-1110010 (base 2) to base 11
-a4
What is 3020 (base 4) in base 14?
104
What is -1 (base 3) in base 16?
-1
What is 331 (base 5) in base 16?
5b
-1 (base 13) to base 2
-1
6 (base 16) to base 8
6
-1210 (base 5) to base 8
-264
16 (base 11) to base 13
14
213 (base 4) to base 9
43
Convert -73 (base 10) to base 5.
-243
Convert -26 (base 9) to base 14.
-1a
2 (base 10) to base 12
2
-154 (base 7) to base 2
-1011000
What is 1041 (base 5) in base 2?
10010010
130 (base 6) to base 7
105
What is 29 (base 12) in base 9?
36
-5 (base 10) to base 11
-5
Convert 1 (base 14) to base 8.
1
6e (base 16) to base 10
110
What is -10 (base 10) in base 16?
-a
18 (base 12) to base 8
24
-2 (base 13) to base 6
-2
-d (base 16) to base 11
-12
1100 (base 2) to base 15
c
Convert 3 (base 6) to base 12.
3
Convert -e6 (base 15) to base 9.
-260
-1 (base 11) to base 10
-1
What is 30 (base 8) in base 12?
20
Convert -10 (base 5) to base 9.
-5
Convert 0 (base 13) to base 2.
0
Convert -12 (base 15) to base 12.
-15
Convert -6 (base 13) to base 10.
-6
What is -d (base 16) in base 12?
-11
10 (base 5) to base 7
5
Convert 8 (base 14) to base 7.
11
What is 4 (base 16) in base 9?
4
111 (base 2) to base 15
7
What is 32 (base 6) in base 5?
40
-15 (base 9) to base 14
-10
Convert -1032 (base 5) to base 4.
-2032
What is 202 (base 7) in base 6?
244
Convert 42 (base 10) to base 8.
52
Convert 189 (base 12) to base 2.
11111001
What is -8 (base 9) in base 2?
-1000
Convert -12 (base 4) to base 12.
-6
-57 (base 13) to base 15
-4c
Convert 1100 (base 5) to base 6.
410
-9 (base 10) to base 15
-9
Convert -3 (base 12) to base 4.
-3
21 (base 5) to base 13
b
What is 3 (base 6) in base 2?
11
What is 140 (base 6) in base 9?
66
Convert -100 (base 2) to base 9.
-4
Convert -27 (base 11) to base 12.
-25
What is -4 (base 12) in base 3?
-11
What is -83 (base 10) in base 13?
-65
What is 20 (base 4) in base 13?
8
Convert 1020 (base 5) to base 14.
99
Convert 110 (base 3) to base 13.
c
-110 (base 3) to base 14
-c
What is 3 (base 10) in base 4?
3
107 (base 8) to base 11
65
What is 3